atest common divisor of m and i.
14
Let l be (16640/(-130))/(-1 - 0). What is the greatest common divisor of 18976 and l?
32
Let o = 4 + -2. Suppose b - 36 = -4*k + o*b, 5*b - 60 = -4*k. Let y be -434 + 397 - -287*(4 + -3). What is the highest common divisor of y and k?
10
Let o be (-2)/(-4)*-2 - (6 - 21). Let x = 23 + o. Suppose y - 5*l - 179 = -2*l, 3*l = -y + 191. Calculate the greatest common divisor of y and x.
37
Suppose -10889*g + 10908*g - 988 = 0. What is the highest common divisor of g and 2119?
13
Suppose 42*x - 75*x = -36*x + 1068. What is the greatest common divisor of x and 979?
89
Let t(l) = -l - 4. Let k be t(-3). Let d be 27 - (2 + k - 4). Let q(n) = n**2 - 2*n - 18. Let g be q(9). Calculate the greatest common divisor of g and d.
15
Suppose 5*i = 203 - 8. Let k(v) = 14*v**2 + 860*v - 1724. Let u be k(2). What is the greatest common factor of u and i?
13
Suppose 0 = -h + 195 - 280 + 2384. What is the greatest common factor of 363 and h?
121
Suppose -2*y = 5*s + 114, 0 = -2*y + s - 2*s - 114. Let w = y - -99. Let r = w + -2. Calculate the highest common factor of r and 60.
20
Let t be 2718/1812*(2/((-2)/2) - -184). What is the greatest common factor of 462 and t?
21
Let h = -65 + 91. Suppose -64 = -4*v + 4*b, b = 2*v - h - 7. Let l = 12 + 5. Calculate the highest common factor of l and v.
17
Let n be (-195)/6*(-24)/20. Let f(a) = -a**3 - 16*a**2 - 36*a - 73. Let r be f(-14). Calculate the highest common factor of n and r.
39
Let y(i) = -35955*i - 2930. Let b be y(-2). What is the greatest common divisor of b and 20?
20
Let c(f) = 2*f**2 + 22*f + 28. Let o be c(-9). Let d be o/(-60)*6*30. Calculate the greatest common divisor of d and 36.
12
Let o(z) = 33*z**3 - 3*z**2 + 16*z - 15. Let m be o(3). Calculate the highest common factor of m and 117.
39
Let l(v) = -v - 1. Let a(t) = 3*t + 10. Let x(s) = -a(s) + 4*l(s). Let n be x(-10). What is the highest common factor of n and 112?
56
Let u(q) = 6*q**2 + 20*q + 20. Let j be u(-7). Let s = j - 130. Calculate the greatest common divisor of s and 22.
22
Let b(x) = 35*x**3 - 3*x**2 - 68*x + 138. Let c be b(2). Calculate the highest common factor of c and 3870.
90
Let f = -1849 - -1271. Let u be (-25)/300 + f/(-24). Calculate the highest common factor of 72 and u.
24
Let b be 16/28 - (-8 - -12 - (-7395)/(-7)). What is the highest common factor of b and 405?
81
Suppose -3*j = 0, 784 = -k + 2*j + 1966. Calculate the greatest common divisor of k and 6.
6
Let g be 6/(-7)*(1232/(-12))/11. Let k(s) = -s**2 - 18*s + 43. Let r be k(-19). What is the highest common divisor of r and g?
8
Let c be 3/((-252)/128 - -2). Calculate the greatest common divisor of 328 and c.
8
Let n = -386 - -393. Let y(o) = 3*o**2 + 8*o - 7. Let u be y(n). What is the highest common factor of 49 and u?
49
Let a be 47 + (5/(-2))/((0 + -7)/(-14)). What is the highest common factor of a and 525?
21
Let s = 11 + -2. Let x = -289 - -340. Suppose 8*z - 411 = -x. What is the highest common divisor of z and s?
9
Let g = 299 - 189. Let s = 73 + g. Calculate the greatest common factor of s and 61.
61
Let l be 336/18*(-540)/(-42). Let k be 1632/54 + (-8)/36. What is the greatest common divisor of l and k?
30
Let j be ((-33155)/95)/(1 + (-2)/1). Suppose -3*q = 3*f - 1011, f = 10*q - 8*q + j. Calculate the highest common divisor of f and 62.
31
Suppose 0 = 3*a - 2*t + 556 - 3900, 2*t + 4460 = 4*a. Suppose 10*y = 6*y + a. What is the greatest common factor of 31 and y?
31
Let s = -1095 + 1150. Let a = -29 - -60. Let q = s - a. What is the highest common factor of q and 8?
8
Suppose 0 = 4*d + 12, 63*n - 64*n = 5*d - 4544. What is the highest common factor of n and 388?
97
Suppose -58*t + 4 = -57*t. Suppose t*x = -2*x. Suppose x = 2*v - 3*v + 75. Calculate the highest common factor of 15 and v.
15
Let n(p) = -25*p + 24. Let q(h) = 13*h - 13. Let x(r) = -3*n(r) - 7*q(r). Let u be x(-3). Calculate the highest common divisor of u and 402.
67
Let y(v) = -13*v + 30. Let o(j) = j - 2. Let u(q) = 2*o(q) - y(q). Let n be u(13). Calculate the highest common divisor of n and 46.
23
Let u be 2 + 48 - (7 - -2)/3. Suppose -2*j = -33 + 111. Let y = u + j. What is the greatest common factor of 72 and y?
8
Let c be (-60)/(-48)*-28*(-2)/(4/2). Calculate the highest common divisor of c and 483.
7
Let p(i) be the third derivative of -7*i**6/24 - i**4/3 - 7*i**3/6 - 157*i**2. Let k be p(-1). What is the greatest common factor of 90 and k?
18
Let d be (-14)/49*(1281/(-305))/((-2)/(-5)). What is the highest common divisor of 345 and d?
3
Suppose 0 = -10*k - 9*k - 570. Let j be (-6)/15 + (-4692)/k. What is the greatest common factor of j and 117?
39
Suppose 2*y - 7*y + 55 = 0. Let i(w) = -w**3 + 6 + 0*w + 2*w + 4*w**2 - 18 + 7*w**2. Let t be i(y). Calculate the greatest common factor of t and 80.
10
Let a(r) = -4*r**3 + 42*r**2 - 18*r - 9. Let d be a(10). Calculate the highest common factor of 913 and d.
11
Let t(k) = -k**3 + 16*k**2 - 17*k + 35. Let u be t(15). Suppose u*h + 52 = 187. What is the greatest common divisor of h and 243?
27
Let d be 2/4*1302/3. Let h = -207 + d. What is the highest common divisor of 470 and h?
10
Let o be ((-287)/(-21) + -7)/(26/8541). Calculate the greatest common divisor of o and 135.
15
Let j = 6815 - 6752. Calculate the greatest common factor of 273 and j.
21
Let s = 31594 - 31501. What is the highest common factor of s and 3875?
31
Let y = 161 - 1. Suppose 0*k = 5*s - 2*k - 18, 0 = s + 4*k - 8. Let a be -3 - (1548/(-44) + s/22). Calculate the greatest common factor of y and a.
32
Let q be 4 + (-5 - (-1 + -352)) - (-20 + 27). Calculate the highest common factor of 230 and q.
115
Let x = 1643 + -1619. What is the greatest common divisor of x and 2922?
6
Suppose 209*k - 2426 = 21277 + 15997 - 2916. Let w = 7 - 3. Let b(m) = m**2 - 5. Let f be b(w). What is the highest common divisor of f and k?
11
Let l(k) = 21*k - 36. Let p be l(2). Let a = 51 - 9. What is the highest common divisor of p and a?
6
Let m(z) = 1344*z**3 - 57*z**2 + 124*z - 15. Let n be m(2). What is the greatest common divisor of n and 31?
31
Let n(t) = 58*t**2 + 62*t + 420. Let a be n(-17). Calculate the greatest common divisor of a and 63.
63
Suppose 10*i - 251*i = -8676. What is the highest common divisor of i and 234?
18
Let v = -285 + 128. Let j = 222 + v. Suppose s - 4*m + 9*m - j = 0, -3*s + 245 = 5*m. What is the greatest common factor of s and 30?
30
Suppose 226 - 58 = 2*f. Suppose -j + 4*n - 1 = -0, -n + 1 = 0. Suppose j*i - f = -3*i. What is the highest common divisor of i and 14?
14
Suppose -2*h = 41 - 57. Suppose -110*q = -114*q + h. Suppose -9 = -9*m + 27. Calculate the greatest common factor of m and q.
2
Suppose -4*d + 9164 = -3*k, k = -3*k + 16. What is the greatest common factor of d and 222?
74
Let v = 609 + -421. Suppose 48*k = 532 + 2115 - 391. What is the highest common factor of v and k?
47
Let i = 16398 + -14077. What is the greatest common factor of 44 and i?
11
Let u = 186 + -120. Let d = -216 - -370. Calculate the highest common factor of u and d.
22
Suppose 3*d + d = 0. Suppose 3*a + d*a = 111. Let x = -1501 - -1538. What is the greatest common factor of x and a?
37
Let u = 1 + 1. Let w be -3 + u - (-264 + 2). Suppose 3*j - 53 = 34. What is the greatest common factor of w and j?
29
Let d = 23 - 12. Let r = -459 - -455. Let n be ((-77)/1)/(-4 - 1 - r). Calculate the greatest common divisor of d and n.
11
Let i(p) = -36*p - 31. Suppose -5*q + 0*q - 35 = 0. Let v be i(q). Suppose 5*r = 3*z - 205, -3*z = -3*r + 14 - v. What is the highest common factor of 28 and z?
14
Suppose 0 = -3*c - 12, 5*c + 143 = 3*u + 33. What is the greatest common factor of u and 7680?
30
Let h be 76/(-16)*2*-2. Let g be (17/2)/(8/16) + -3. Let b = h + g. Calculate the highest common factor of b and 22.
11
Let j(g) = -g**2 + 9*g + 3. Let r be j(9). Suppose -r*n - 5*f + 12 = n, 12 = 4*n + f. Suppose -n*h - 3 + 15 = 0. What is the highest common divisor of h and 32?
4
Let g be (1 - 0)/(-3*(-6)/1818). Suppose -4*z - g = -25. Let v = z + 42. Calculate the greatest common factor of 23 and v.
23
Let l = 5 + 7. Suppose 161547 = 529*j - 56359 + 21118. Calculate the greatest common divisor of j and l.
12
Suppose -2104 = -o - u, 36*u - 35*u = o - 2096. Suppose -96*g 